25740 a multiple of 26?
True
Is 269 a factor of 308812?
True
Does 40 divide 801600?
True
Is 10524164 a multiple of 602?
True
Does 107 divide 567321?
False
Does 866 divide 5648709?
False
Is 311132 a multiple of 4?
True
Is 55 a factor of 152855?
False
Does 12 divide 25992?
True
Does 189 divide 43271?
False
Does 128 divide 265761?
False
Is 30 a factor of 15780?
True
Does 18 divide 13848210?
True
Is 7 a factor of 161994?
True
Is 120 a factor of 147253?
False
Is 16936 a multiple of 232?
True
Is 66 a factor of 1892154?
True
Is 7525871 a multiple of 239?
True
Is 349 a factor of 148656?
False
Does 10 divide 78455?
False
Does 14 divide 500159?
False
Is 21275184 a multiple of 1288?
True
Does 51 divide 19145043?
True
Is 36165 a multiple of 38?
False
Is 93060 a multiple of 12?
True
Is 710127 a multiple of 27?
True
Does 17 divide 120751?
True
Is 221 a factor of 157082?
False
Is 10809626 a multiple of 37?
False
Is 269 a factor of 404294?
False
Is 12613576 a multiple of 568?
True
Is 22287 a multiple of 120?
False
Does 124 divide 150040?
True
Is 101080 a multiple of 4?
True
Does 49 divide 110593?
True
Is 6 a factor of 1271?
False
Does 47 divide 1806691?
False
Is 45 a factor of 413775?
True
Is 12 a factor of 867379?
False
Is 261 a factor of 730800?
True
Is 1165843 a multiple of 119?
True
Is 134402 a multiple of 134?
True
Is 931910 a multiple of 35?
True
Is 86 a factor of 1267038?
True
Is 10 a factor of 77027?
False
Is 10 a factor of 58830?
True
Is 812100 a multiple of 7?
False
Is 119493 a multiple of 33?
True
Does 25 divide 928649?
False
Is 120160 a multiple of 40?
True
Is 2 a factor of 132735?
False
Does 109 divide 146169?
True
Is 87603 a multiple of 28?
False
Is 261207 a multiple of 402?
False
Is 31 a factor of 3982973?
True
Is 529831 a multiple of 47?
True
Does 39 divide 814866?
True
Is 4 a factor of 156248?
True
Is 488229 a multiple of 376?
False
Is 6 a factor of 585734?
False
Is 2011508 a multiple of 17?
True
Is 7 a factor of 47950?
True
Is 78252 a multiple of 12?
True
Does 17 divide 538780?
False
Does 152 divide 944224?
True
Does 38 divide 9813348?
True
Is 17987 even?
False
Does 8 divide 1265144?
True
Is 45 a factor of 128745?
True
Does 128 divide 87040?
True
Is 730 a factor of 5696920?
True
Does 20 divide 773200?
True
Does 113 divide 19775?
True
Does 13 divide 856909?
False
Does 29 divide 509245?
False
Is 3 a factor of 801135?
True
Does 142 divide 5330254?
True
Does 55 divide 13265615?
True
Is 21 a factor of 1114995?
True
Is 18 a factor of 219006?
True
Does 28 divide 12688?
False
Does 18 divide 13620882?
False
Is 15 a factor of 15759030?
True
Is 348 a factor of 723053?
False
Is 1050 a factor of 5002140?
False
Is 2723344 a multiple of 16?
True
Does 21 divide 5076765?
False
Is 34 a factor of 9311?
False
Is 1076740 a multiple of 28?
True
Is 311761 a multiple of 21?
False
Does 67 divide 14207872?
False
Is 10 a factor of 193009?
False
Does 75 divide 92625?
True
Is 1151116 a multiple of 31?
False
Does 311 divide 78648?
False
Is 979 a factor of 190905?
True
Does 50 divide 378738?
False
Does 13 divide 118634?
False
Is 6 a factor of 28533?
False
Does 129 divide 3075590?
False
Is 332 a factor of 8586184?
True
Is 2535510 a multiple of 1115?
True
Is 24 a factor of 315101?
False
Is 26669 a multiple of 93?
False
Does 160 divide 16355673?
False
Is 254 a factor of 4089791?
False
Is 14716 a multiple of 52?
True
Does 82 divide 197600?
False
Is 194912 even?
True
Does 16 divide 277140?
False
Is 5867904 a multiple of 826?
True
Is 1032590 a multiple of 488?
False
Is 88979 a multiple of 16?
False
Is 11 a factor of 11066565?
False
Is 364 a factor of 1202292?
True
Is 109086 a multiple of 8?
False
Is 123984 a multiple of 112?
True
Is 20 a factor of 647340?
True
Does 69 divide 721783?
False
Does 3 divide 61751?
False
Is 14154 a multiple of 30?
False
Is 19 a factor of 589494?
True
Does 176 divide 2194544?
True
Is 365 a factor of 138011?
False
Is 181 a factor of 1103195?
True
Is 11 a factor of 114221?
False
Is 40 a factor of 270280?
True
Does 11 divide 2206248?
True
Is 890235 a multiple of 219?
True
Is 158791 a multiple of 6?
False
Does 253 divide 7256546?
True
Does 72 divide 8671311?
False
Is 6 a factor of 22354?
False
Is 244 a factor of 70516?
True
Is 2992 a multiple of 17?
True
Is 91318 a multiple of 8?
False
Is 66 a factor of 11072222?
False
Is 9 a factor of 17964?
True
Does 115 divide 893893?
False
Is 6620071 a multiple of 53?
True
Is 2963200 a multiple of 13?
False
Does 7 divide 3610755?
False
Is 7014444 a multiple of 492?
True
Is 449319 a multiple of 39?
True
Does 71 divide 2294384?
False
Does 338 divide 353210?
True
Is 247 a factor of 486343?
True
Is 867442 a multiple of 195?
False
Is 45 a factor of 193725?
True
Is 17 a factor of 7970823?
False
Does 12 divide 3603134?
False
Is 11836839 a multiple of 41?
False
Is 14 a factor of 170744?
True
Is 46 a factor of 204495?
False
Is 16 a factor of 1106643?
False
Is 31 a factor of 1501561?
False
Is 24 a factor of 52275?
False
Does 116 divide 3960820?
True
Is 140592 a multiple of 202?
True
Does 39 divide 56481?
False
Is 35 a factor of 85540?
True
Is 7803805 a multiple of 43?
False
Does 5 divide 76467?
False
Is 320623 a multiple of 879?
False
Is 27 a factor of 12737950?
False
Does 429 divide 1736592?
True
Is 7424816 a multiple of 222?
False
Is 105168 a multiple of 168?
True
Is 1807239 a multiple of 287?
True
Is 162 a factor of 791897?
False
Is 85525 a multiple of 25?
True
Does 21 divide 336399?
True
Does 1283 divide 18670216?
True
Is 12296 a multiple of 53?
True
Is 26 a factor of 663234?
True
Is 85 a factor of 328185?
True
Does 40 divide 83383?
False
Is 84321 a multiple of 347?
True
Is 459777 a multiple of 19?
False
Is 738983 a multiple of 38?
False
Does 451 divide 521356?
True
Does 21 divide 701639?
False
Is 71422 a multiple of 13?
True
Is 678781 a multiple of 23?
False
Is 239 a factor of 271026?
True
Is 3882786 a multiple of 360?
False
Is 31620 a multiple of 15?
True
Is 1079 a factor of 2626286?
True
Is 244 a factor of 5035634?
False
Does 271 divide 585902?
True
Does 13 divide 227885?
False
Is 5 a factor of 6603988?
False
Is 375 a factor of 868347?
False
Is 12075154 a multiple of 201?
False
Does 53 divide 638597?
True
Is 80627 a multiple of 10?
False
Is 2 a factor of 73665?
False
Is 4814397 a multiple of 81?
True
Is 5362956 a multiple of 762?
True
Is 3948480 a multiple of 64?
True
Is 9 a factor of 90947?
False
Is 178 a factor of 165642?
False
Is 165 a factor of 8085?
True
Does 847 divide 13534213?
True
Does 252 divide 2736202?
False
Is 79 a factor of 3365242?
True
Does 5 divide 4438335?
True
Is 30 a factor of 6650473?
False
Does 328 divide 2809666?
False
Is 131 a factor of 1353876?
False
Does 84 divide 2106300?
True
Is 265669 a multiple of 69?
False
Is 136 a factor of 739432?
True
Is 536 a factor of 556410?
False
Is 4 a factor of 21604?
True
Does 214 divide 9767650?
False
Does 739 divide 2018025?
False
Is 8 a factor of 2213667?
False
Is 1487780 a multiple of 20?
True
Is 47 a factor of 14400283?
True
Is 1395520 a multiple of 356?
True
Is 42462 a multiple of 18?
True
Is 11 a factor of 849497?
True
Is 143 a factor of 30487?
False
Is 299 a factor of 269399?
True
Does 12 divide 359722?
False
Is 170280 a multiple of 6?
True
Is 210 a factor of 832832?
False
Is 155 a factor of 214675?
True
Is 42194 a multiple of 17?
True
Does 41 divide 175029?
True
Does 7 divide 1093953?
True
Does 751 divide 964901?
False
Is 12 a factor of 5798997?
False
Is 25 a factor of 2140125?
True
Is 311804 a multiple of 10?
False
Is 29 a factor of 14459458?
True
Does 31 divide 6790240?
True
Is 15 a factor of 1238427?
False
Does 18 divide 40158?
True
Does 198 divide 87119?
False
Is 567168 a multiple of 224?
True
Is 1429312 a multiple of 23?
True
Does 12 divide 486828?
True
Does 84 divide 58884?
True
Does 87 divide 624138?
True
Is 1956390 a multiple of 331?
False
Is 13 a factor of 718809?
True
Does 25 divide 394550?
True
Does 2 divide 508?
True
Is 102936 a multiple of 12?
True
Is 317 a factor of 1535510?
False
Is 327 a factor of 1775610?
True
Is 10 a factor of 27880?
True
Is 117 a factor of 2625246?
True
Is 112 a factor of 364855?
False
Is 15 a factor of 990975?
True
Is 11 a factor of 2799042?
False
Does 59 divide 1059522?
True
Is 83 a factor of 1217710?
False
Is 21